at are the prime factors of 37392?
2, 3, 19, 41
What are the prime factors of 14220?
2, 3, 5, 79
List the prime factors of 4344.
2, 3, 181
What are the prime factors of 6169?
31, 199
List the prime factors of 15554.
2, 7, 11, 101
What are the prime factors of 2455?
5, 491
List the prime factors of 13158.
2, 3, 17, 43
List the prime factors of 2292.
2, 3, 191
List the prime factors of 3642.
2, 3, 607
List the prime factors of 69987.
3, 41, 569
List the prime factors of 146244.
2, 3, 7, 1741
What are the prime factors of 1243?
11, 113
List the prime factors of 87525.
3, 5, 389
List the prime factors of 5883.
3, 37, 53
What are the prime factors of 66922?
2, 33461
List the prime factors of 2793.
3, 7, 19
What are the prime factors of 5578?
2, 2789
What are the prime factors of 56452?
2, 11, 1283
What are the prime factors of 1358?
2, 7, 97
What are the prime factors of 44746?
2, 13, 1721
What are the prime factors of 75?
3, 5
List the prime factors of 925.
5, 37
List the prime factors of 984.
2, 3, 41
List the prime factors of 1685.
5, 337
List the prime factors of 10935.
3, 5
List the prime factors of 2337.
3, 19, 41
List the prime factors of 3346.
2, 7, 239
What are the prime factors of 273?
3, 7, 13
What are the prime factors of 4021?
4021
What are the prime factors of 2438?
2, 23, 53
What are the prime factors of 10624?
2, 83
List the prime factors of 3033.
3, 337
List the prime factors of 6435.
3, 5, 11, 13
List the prime factors of 1746.
2, 3, 97
What are the prime factors of 2376?
2, 3, 11
What are the prime factors of 29208?
2, 3, 1217
What are the prime factors of 2048?
2
What are the prime factors of 1260?
2, 3, 5, 7
List the prime factors of 28.
2, 7
What are the prime factors of 527?
17, 31
What are the prime factors of 3731?
7, 13, 41
What are the prime factors of 2284?
2, 571
List the prime factors of 71782.
2, 19, 1889
List the prime factors of 165.
3, 5, 11
What are the prime factors of 1299?
3, 433
List the prime factors of 2803.
2803
List the prime factors of 159.
3, 53
What are the prime factors of 10623?
3, 3541
List the prime factors of 1179.
3, 131
List the prime factors of 7407.
3, 823
What are the prime factors of 2446?
2, 1223
What are the prime factors of 4039?
7, 577
What are the prime factors of 9129?
3, 17, 179
What are the prime factors of 3524?
2, 881
What are the prime factors of 12665?
5, 17, 149
What are the prime factors of 1360?
2, 5, 17
List the prime factors of 4363.
4363
List the prime factors of 175.
5, 7
List the prime factors of 81297.
3, 3011
What are the prime factors of 350?
2, 5, 7
List the prime factors of 8461.
8461
What are the prime factors of 81040?
2, 5, 1013
What are the prime factors of 749?
7, 107
List the prime factors of 493.
17, 29
List the prime factors of 18560.
2, 5, 29
What are the prime factors of 905?
5, 181
What are the prime factors of 3128?
2, 17, 23
List the prime factors of 5332.
2, 31, 43
What are the prime factors of 79418?
2, 39709
List the prime factors of 19735.
5, 3947
List the prime factors of 1940.
2, 5, 97
What are the prime factors of 1609?
1609
List the prime factors of 19726.
2, 7, 1409
List the prime factors of 2058.
2, 3, 7
What are the prime factors of 5067?
3, 563
What are the prime factors of 92?
2, 23
What are the prime factors of 44121?
3, 7, 11, 191
What are the prime factors of 243?
3
List the prime factors of 29976.
2, 3, 1249
What are the prime factors of 3013?
23, 131
What are the prime factors of 5188?
2, 1297
List the prime factors of 1530.
2, 3, 5, 17
What are the prime factors of 599?
599
What are the prime factors of 1537?
29, 53
List the prime factors of 9465.
3, 5, 631
What are the prime factors of 26236?
2, 7, 937
List the prime factors of 8556.
2, 3, 23, 31
What are the prime factors of 1333?
31, 43
What are the prime factors of 90210?
2, 3, 5, 31, 97
What are the prime factors of 27147?
3, 9049
List the prime factors of 18497.
53, 349
List the prime factors of 17.
17
What are the prime factors of 13374?
2, 3, 743
List the prime factors of 45783.
3, 5087
What are the prime factors of 1570?
2, 5, 157
What are the prime factors of 12953?
12953
List the prime factors of 976.
2, 61
List the prime factors of 15264.
2, 3, 53
What are the prime factors of 9785?
5, 19, 103
List the prime factors of 1001.
7, 11, 13
List the prime factors of 981.
3, 109
List the prime factors of 2272.
2, 71
List the prime factors of 702.
2, 3, 13
List the prime factors of 20001.
3, 59, 113
List the prime factors of 9754.
2, 4877
What are the prime factors of 9288?
2, 3, 43
List the prime factors of 572.
2, 11, 13
What are the prime factors of 387?
3, 43
What are the prime factors of 72933?
3, 7, 23, 151
List the prime factors of 103751.
17, 359
What are the prime factors of 23220?
2, 3, 5, 43
What are the prime factors of 21198?
2, 3, 3533
List the prime factors of 865.
5, 173
List the prime factors of 618.
2, 3, 103
What are the prime factors of 1043?
7, 149
List the prime factors of 4995.
3, 5, 37
What are the prime factors of 440?
2, 5, 11
List the prime factors of 15223.
13, 1171
What are the prime factors of 7672?
2, 7, 137
What are the prime factors of 7381?
11, 61
List the prime factors of 7286.
2, 3643
List the prime factors of 3374.
2, 7, 241
List the prime factors of 10208.
2, 11, 29
What are the prime factors of 22138?
2, 11069
List the prime factors of 2166.
2, 3, 19
List the prime factors of 595.
5, 7, 17
List the prime factors of 64.
2
What are the prime factors of 155?
5, 31
List the prime factors of 1912.
2, 239
What are the prime factors of 5825?
5, 233
What are the prime factors of 189?
3, 7
List the prime factors of 1078.
2, 7, 11
List the prime factors of 89095.
5, 103, 173
What are the prime factors of 5013?
3, 557
What are the prime factors of 6317?
6317
List the prime factors of 18655.
5, 7, 13, 41
What are the prime factors of 2967?
3, 23, 43
List the prime factors of 22436.
2, 71, 79
What are the prime factors of 582?
2, 3, 97
List the prime factors of 10058.
2, 47, 107
What are the prime factors of 123762?
2, 3, 20627
What are the prime factors of 16973?
11, 1543
What are the prime factors of 1245?
3, 5, 83
List the prime factors of 9802.
2, 13, 29
List the prime factors of 324.
2, 3
What are the prime factors of 46475?
5, 11, 13
What are the prime factors of 3026?
2, 17, 89
What are the prime factors of 10283?
7, 13, 113
List the prime factors of 48554.
2, 11, 2207
What are the prime factors of 3757?
13, 17
List the prime factors of 6465.
3, 5, 431
List the prime factors of 4683.
3, 7, 223
List the prime factors of 2058.
2, 3, 7
What are the prime factors of 6232?
2, 19, 41
List the prime factors of 6491.
6491
What are the prime factors of 1279?
1279
List the prime factors of 2009.
7, 41
What are the prime factors of 4924?
2, 1231
List the prime factors of 6096.
2, 3, 127
List the prime factors of 12001.
11, 1091
List the prime factors of 965.
5, 193
What are the prime factors of 3225?
3, 5, 43
What are the prime factors of 9259?
47, 197
List the prime factors of 62548.
2, 19, 823
List the prime factors of 41006.
2, 7, 29, 101
What are the prime factors of 1356?
2, 3, 113
What are the prime factors of 35376?
2, 3, 11, 67
What are the prime factors of 6842?
2, 11, 311
What are the prime factors of 415?
5, 83
List the prime factors of 22820.
2, 5, 7, 163
List the prime factors of 1461.
3, 487
List the prime factors of 501.
3, 167
List the prime factors of 9053.
11, 823
List the prime factors of 4870.
2, 5, 487
What are the prime factors of 5408?
2, 13
List the prime factors of 668.
2, 167
List the prime factors of 7155.
3, 5, 53
What are the prime factors of 3147?
3, 1049
What are the prime factors of 20221?
73, 277
What are the prime factors of 1678?
2, 839
What are the prime factors of 1345?
5, 269
List the prime factors of 1618.
2, 809
List the prime factors of 9332.
2, 2333
List the prime factors of 52021.
52021
List the prime factors of 15796.
2, 11, 359
List the prime factors of 1021.
1021
List the prime factors of 3704.
2, 463
List the prime factors of 10823.
79, 137
What are the prime factors of 2047?
23, 89
List the prime factors of 12625.
5, 101
What are the prime factors of 49196?
2, 7, 251
What are the prime factors of 3222?
2, 3, 